the first derivative of a**4/4 + 6*a**3 + 17*a**2/2 + 62*a - 43. Let j be z(-17). Let b = 79 + -48. What is the highest common divisor of b and j?
31
Let h = -404 - -710. Let w = 486 - h. What is the highest common divisor of w and 20?
20
Let h be 259012/65 - (-8)/(-10). Let a be (-3)/5 + (h/30)/8. Calculate the greatest common divisor of 40 and a.
8
Let c = 12 - -18. Let i(m) be the second derivative of m**5/20 + 5*m**4/6 - 3*m**3 - m**2 - 2*m. Let b be i(-8). Calculate the highest common factor of b and c.
30
Suppose 12*f + 1543 - 4903 = 0. Calculate the greatest common factor of 56 and f.
56
Let p be (3 - 5/1)*385/(-22). Let z be -138*(-1)/(4/10). Let c be z/p - 1/(-7). What is the greatest common factor of 80 and c?
10
Let x(i) = 9*i**2 + 80*i - 75. Let t be x(-17). What is the highest common divisor of t and 22?
22
Suppose -28 = -c + 68. What is the greatest common factor of 12 and c?
12
Let i be (-10)/5 + (-16)/4. Let v(h) = -3*h - 10 + 4*h**2 - 3 - 2*h. Let l be v(i). Calculate the greatest common divisor of 23 and l.
23
Suppose 0 = 2*v + v - 15, 5*u + 2*v - 50 = 0. Let n = u + -1. Suppose 396 = n*y - 3*y. Calculate the highest common divisor of 11 and y.
11
Let l = 119 - 117. Suppose h + 2*u = 101, -h = l*u - 3*u - 92. What is the highest common factor of 38 and h?
19
Let x(y) = y**2 + 18*y - 88. Let c be x(20). Calculate the highest common factor of c and 42.
42
Let g(s) = -s**2 + 14*s + 27. Let k be g(13). Calculate the highest common factor of k and 820.
20
Let r(q) = 7*q - 39. Let s be r(6). Suppose a = g - 9, -1 = -g - s*a - 8. What is the highest common divisor of g and 5?
5
Suppose w - 2*x - 31 = 0, 2*w = -2*w - 5*x + 137. Let j = 667 - 664. What is the highest common divisor of w and j?
3
Let m(z) = -z**2 + 40*z - 119. Let b be m(35). Let j(l) = -3*l + 2. Let p be j(-2). Calculate the greatest common factor of b and p.
8
Suppose -3*j + 329 = -n, 0 = -3*j + 4*n + n + 349. What is the greatest common factor of j and 36?
36
Suppose 4*n + 6 = 2*n, 0 = 4*f - 5*n - 35. Let j = -3 + f. Suppose -j*t + 33 = -t. Calculate the greatest common factor of t and 22.
11
Let b be 390/15 + -1 + -5. What is the greatest common divisor of 530 and b?
10
Suppose 4*w - 5*h - 141 = -23, -w + 3*h + 26 = 0. Suppose w - 1 = t. Suppose 3*r - t = -p, r = p + 2*p - 43. Calculate the highest common factor of p and 16.
16
Let v = 55 + 22. Suppose -23*q + 234 = 73. Calculate the greatest common factor of v and q.
7
Let o(w) = -3*w**2 + 49*w - 42. Let p be o(12). Calculate the greatest common factor of 38 and p.
38
Suppose -14*m + 16*m = 48. Calculate the greatest common factor of m and 168.
24
Let u = 51 - 59. Let r = 15 + u. Suppose 155 = 2*b + y - 0*y, -2*b = -2*y - 152. Calculate the greatest common divisor of r and b.
7
Suppose -2*a + a = -33. Suppose 6*o = 8*o - 22. Calculate the highest common factor of o and a.
11
Suppose 4*q - 5*i - 30 = -q, 0 = 3*q - 2*i - 20. Let o be 30 - 2/4*q. Calculate the highest common factor of 13 and o.
13
Let w = 6 + 14. Let k(y) be the first derivative of 160*y**3/3 - y**2/2 + y - 4. Let j be k(1). Calculate the highest common divisor of j and w.
20
Let l(h) = 35*h + 2. Let s be l(2). Suppose m - 23 + 229 = -3*q, -5*q - 310 = -5*m. Let w = -19 - q. Calculate the highest common factor of w and s.
24
Let p be (-50)/15*(-6)/5. Let g be (p/12)/((-1)/(-135)). Suppose 0 = -x - 2*x + g. What is the highest common divisor of x and 15?
15
Let h be (-20)/4*2/(-5). Suppose q - 5*x = 3*q - 65, 0 = 4*q + h*x - 106. Suppose -11*v = -6*v - q. Calculate the greatest common divisor of v and 10.
5
Suppose 0 = -k + 5*x - 5 + 76, 3*k + 4*x = 194. Suppose -2*r + 69 = 5*j, j = r - 16 - 1. Suppose 3*l - 2*l = r. Calculate the greatest common factor of k and l.
22
Let q be (2*-2)/((-994)/245 + 4). Calculate the greatest common factor of 50 and q.
10
Let v be (-28)/((3 - 2)/(-1)). Let u = 44 - v. Calculate the greatest common factor of 4 and u.
4
Suppose -13*j = -5*j - 1248. Suppose 4*q - 108 = -4*d, -3*q = -8*q + 5. What is the greatest common factor of j and d?
26
Let b = 1483 - 1309. Calculate the greatest common divisor of 957 and b.
87
Let p = 465 + -393. Calculate the greatest common factor of 90 and p.
18
Suppose -17*y - 3*y + 40 = 0. Suppose y*i - 311 = 49. Calculate the greatest common divisor of i and 9.
9
Suppose 3*b - 78*b + 900 = 0. Calculate the highest common factor of 280 and b.
4
Let s be 1258/5 - (-4)/10. Suppose -o + s = o. Suppose -3*c + 149 = 10*k, -k + 25 = 4*c - 1. What is the highest common divisor of o and k?
14
Suppose -4*j = 0, -17*x + 13*x - 5*j = -884. What is the highest common factor of 119 and x?
17
Suppose 11*i - 370 = 70. Suppose -i = -2*x + 4*m, -2*x + 4*x + 2*m - 22 = 0. What is the greatest common divisor of x and 28?
14
Suppose 7*q - 4*q - 37 = 4*y, 2*q + 2*y = 34. What is the greatest common divisor of 10 and q?
5
Let w be 58/(-1)*43*3/(-6). Calculate the greatest common factor of 43 and w.
43
Suppose -158*h - 15 = -173*h. Let u = -1 + 4. What is the highest common factor of u and h?
1
Let h(p) = -p - 1. Let y be h(-5). Let s(x) = x**3 - 4*x**2 + 3*x + 1. Let c be s(y). Suppose 3*o = 72 + 45. Calculate the greatest common divisor of c and o.
13
Suppose -3*d - 103 = 8. Let k = -31 - d. Suppose 0 = 3*t - i - 54, -2*i + 23 + 31 = 3*t. Calculate the greatest common factor of k and t.
6
Suppose 5*h - 5*k = 5, -k - 1 = 2*h - 3. What is the greatest common factor of h and 1?
1
Let y = -14 + 834. What is the highest common factor of y and 246?
82
Suppose c - 6*c = -40. Suppose 23 - c = 3*z. Suppose -3*s + 2*u = -60, -2*s - z*u = -0*u - 40. What is the greatest common divisor of 4 and s?
4
Let w(g) = -g**3 - 8*g**2 - 7*g - 2. Let o be w(-7). Let s be 202 + -27 - (o - -1). What is the greatest common divisor of s and 22?
22
Let n be ((-4)/4 - -1) + -3. Let l be n + (2 + 5 - -4). What is the highest common divisor of 72 and l?
8
Let o be ((10 + -2 - 4) + -4)/(-1). Let c(s) = -s**2 - s + 8. Let u be c(o). What is the greatest common divisor of 104 and u?
8
Let q(x) = x**3 - 5*x**2 - 37. Let k(v) = v**3 - 6*v**2 - v - 37. Let a(j) = 5*k(j) - 4*q(j). Let m be a(11). Calculate the greatest common divisor of m and 29.
29
Let c be 96*(4 + 1 - 26/6). Calculate the highest common divisor of c and 16.
16
Let y = 1021 + -580. What is the highest common divisor of y and 14?
7
Let z be (-140)/105 + 79/3. What is the highest common divisor of 45 and z?
5
Let y(d) = -4*d**2 + 194*d - 138. Let o be y(47). Calculate the greatest common factor of o and 27.
9
Let v(y) = 13*y - 92. Let a be v(8). What is the greatest common factor of 444 and a?
12
Let r(o) = -3*o - 3. Suppose -2 = 2*a - 4, -3*j - 12 = -3*a. Let l be r(j). Let p = 1 + 1. What is the highest common divisor of l and p?
2
Let n(x) = -12*x - 4*x - 9 + 14*x. Let r be n(-8). Calculate the greatest common factor of r and 63.
7
Let q(h) = -16*h**3 - h**2 - 1. Let w be 13/(-15) - 24/180. Let d be q(w). Calculate the greatest common factor of 112 and d.
14
Suppose 0 = 2294*z - 2305*z + 22. What is the highest common factor of 488 and z?
2
Let p = 74 + -37. Suppose 4*n - 2*n - 222 = 0. What is the greatest common factor of n and p?
37
Let q be (-40)/(-70) + -1574*(-2)/28. Suppose -s - 2*g = -22, 5*s + 11 = -2*g + q. What is the greatest common factor of 30 and s?
10
Suppose g - 2*y = 2, g = -y + 2*y + 2. Suppose p = 3*j + 63, 0*p - 3*p - g*j + 189 = 0. What is the highest common divisor of 42 and p?
21
Let j be 13 - (0 + 2 + -2). Suppose o - 5*o = 468. Let v = 221 + o. Calculate the greatest common factor of j and v.
13
Let p be (-12)/(-9)*(-3)/(-2). Suppose b + 1 = -3*q + p, 2*b = -5*q + 4. Let i = -3 + b. What is the highest common divisor of 4 and i?
4
Suppose 6*t - 16 - 56 = 0. What is the greatest common factor of t and 102?
6
Let u(r) be the second derivative of 0 + 5*r**2 + 6*r + 1/6*r**3. Let c be u(-6). What is the greatest common divisor of c and 12?
4
Let k(x) = -x**2 + 2*x + 36. Let w be k(5). What is the greatest common divisor of w and 112?
7
Let n = 21 - 68. Let b = n - -53. Let i(z) = 4*z. Let d be i(6). What is the highest common factor of b and d?
6
Let s(g) = g**2 - 12*g - 25. Let h be s(14). Suppose -5*v = 5*j - 105, 2*v - h*j - 42 = 2*j. Calculate the greates